11100200020 - 11?
2211100200002
In base 10, what is -93373956 - -5?
-93373951
In base 16, what is 22349 - -56?
2239f
In base 13, what is -76 - -7a3381?
7a3308
In base 7, what is 3116 + -141444?
-135325
In base 8, what is -34161065 - 5?
-34161072
In base 2, what is 1011000011101010001100111 - 10?
1011000011101010001100101
In base 12, what is -161737 + -6a?
-1617a5
In base 6, what is 11024222 + -141?
11024041
In base 4, what is -330132012100 - -112?
-330132011322
In base 4, what is -1110101230 + 31?
-1110101133
In base 4, what is 2101 + 310000202?
310002303
In base 8, what is -2705 - -1514?
-1171
In base 6, what is 23452 + -221410?
-153514
In base 3, what is 12000 - -12111100220?
12111112220
In base 9, what is -25122861 + 3?
-25122857
In base 5, what is 1000343 + 121310?
1122203
In base 13, what is -10a - -144251?
144144
In base 11, what is 960393a - 11?
9603929
In base 13, what is -428c6c - 1?
-428c70
In base 5, what is -200213323134 - 2?
-200213323141
In base 10, what is 983 + 5443?
6426
In base 14, what is -3dad67 + -3?
-3dad6a
In base 15, what is -901a + 647?
-88c3
In base 15, what is -9d7c30 + -21?
-9d7c51
In base 15, what is -86094 - 8b?
-86130
In base 7, what is -12011 + -1623360?
-1635401
In base 11, what is -1 + -a1a22a?
-a1a230
In base 14, what is -19d2a - 9a?
-19dc6
In base 4, what is -1321002221301000 - -10?
-1321002221300330
In base 9, what is 5 - 2220844?
-2220838
In base 6, what is 144 - -1321523?
1322111
In base 13, what is -2b34c9113 - 3?
-2b34c9116
In base 15, what is -14 + -340b577?
-340b58b
In base 8, what is -316 - -36?
-260
In base 3, what is -220211100210 - 10120?
-220211111100
In base 8, what is 51531 + 143?
51674
In base 2, what is -111100110100010101 + 110010?
-111100110011100011
In base 10, what is 183 + 15344?
15527
In base 3, what is 20210020220010101 + -12?
20210020220010012
In base 8, what is -407 - 77002?
-77411
In base 12, what is 1 + -27719b8?
-27719b7
In base 2, what is 10011011110 - 111101101101?
-101010001111
In base 15, what is 1 + -15b7cca?
-15b7cc9
In base 6, what is -12131 + 11042052?
11025521
In base 14, what is 1246 + a48?
1c90
In base 16, what is -19634 - 3964?
-1cf98
In base 12, what is 21161a3 + -2?
21161a1
In base 13, what is 26450 - 179?
262a4
In base 11, what is -3337a0 - a4?
-333894
In base 12, what is 8214a - -6b?
821b9
In base 10, what is -63252916 - -2?
-63252914
In base 15, what is -2 - 903822?
-903824
In base 8, what is 56045 - -1161?
57226
In base 14, what is -6a4 - -c66?
5a2
In base 7, what is 241344 - 11210?
230134
In base 3, what is 221001 + -200211012?
-122220011
In base 15, what is -27ebae - 192?
-27ed51
In base 5, what is -440042104 - -410?
-440041144
In base 16, what is -19 + -3e07d?
-3e096
In base 8, what is -45641271 + 4?
-45641265
In base 12, what is -66b + -13aa3?
-14552
In base 13, what is -102b702 + 2a?
-102b6a5
In base 13, what is 1467317 - -1?
1467318
In base 12, what is 287 + -8870?
-85a5
In base 10, what is 310947 + 48?
310995
In base 7, what is -6 - 11631330?
-11631336
In base 11, what is a6 + -535a5?
-534aa
In base 15, what is 1 + -5a016c?
-5a016b
In base 10, what is 14404427 - -5?
14404432
In base 3, what is 112220010011020 - -2?
112220010011022
In base 15, what is -2b77a0b9 - -1?
-2b77a0b8
In base 12, what is 8549b + 66?
85545
In base 2, what is -111001101100010000 + -10110?
-111001101100100110
In base 11, what is -58931a4 - 3?
-58931a7
In base 2, what is 1010001 - -11000110111011100?
11000111000101101
In base 2, what is -1000100010 + 11100001110110?
11011001010100
In base 16, what is -8 - -618b0?
618a8
In base 9, what is 13327 + 12513?
25841
In base 6, what is -441332410 - 154?
-441333004
In base 11, what is -7804 - -402?
-7402
In base 9, what is 2 - 1723508?
-1723506
In base 8, what is -6477 + -15722?
-24421
In base 8, what is -1012 - -205155?
204143
In base 10, what is 34644 + -1417?
33227
In base 8, what is -242347 - 11117?
-253466
In base 12, what is 1 - 11130627?
-11130626
In base 8, what is 20 - -1365731?
1365751
In base 4, what is -110113312 + -20301?
-110200213
In base 13, what is a71c1 + -1b9?
a7005
In base 7, what is -22244 + -63355?
-115632
In base 9, what is 4807 + -54730?
-48822
In base 6, what is 23000531 + 40?
23001011
In base 13, what is -1 - 15cb992?
-15cb993
In base 8, what is 241 + 60075?
60336
In base 16, what is -93f + -8f8f?
-98ce
In base 10, what is -272 + -71601?
-71873
In base 10, what is 453580 - 34?
453546
In base 10, what is -1 + -163075869?
-163075870
In base 5, what is 332 - 10233021?
-10232134
In base 16, what is -2d4d + 29e1?
-36c
In base 10, what is -1945008 + 72?
-1944936
In base 4, what is 122322312 - -33020?
123021332
In base 4, what is 1332033120 - 21?
1332033033
In base 7, what is -1162013 - 3555?
-1165601
In base 13, what is 3 - -c39a992?
c39a995
In base 5, what is 11113 + 2323?
13441
In base 4, what is 31231023310 + 100?
31231030010
In base 8, what is 1 + -31465617?
-31465616
In base 16, what is 12 - -4593183?
4593195
In base 2, what is -11001110100101111110011101101 - -1?
-11001110100101111110011101100
In base 2, what is 1010111111100111010000010 + -11?
1010111111100111001111111
In base 15, what is 6926 - b?
691a
In base 6, what is -35143 - 1520?
-41103
In base 16, what is 1c3 - 524?
-361
In base 3, what is -2201121 + 202012022?
122110201
In base 9, what is 106748686 - 0?
106748686
In base 6, what is -310442 - -1055?
-305343
In base 16, what is -4b4d1d - 5?
-4b4d22
In base 3, what is -2011120 - -2221112?
202222
In base 14, what is -79d00 - 181?
-7a081
In base 14, what is -2459 + 82a9?
5c50
In base 16, what is -7188cd - 4?
-7188d1
In base 7, what is 3 + 23665322?
23665325
In base 11, what is 116aa423 + 8?
116aa430
In base 10, what is -169299 - 552?
-169851
In base 16, what is -9 - 64466b?
-644674
In base 10, what is -44 - -4266657?
4266613
In base 16, what is -7991e1f - 3?
-7991e22
In base 6, what is -3 - -23214102440?
23214102433
In base 9, what is -1 + -514443662?
-514443663
In base 14, what is -65c5 - -1a6a?
-4959
In base 16, what is fb23 - -134b?
10e6e
In base 11, what is 561219a + 1?
56121a0
In base 9, what is 434 - -4476836?
4477371
In base 4, what is -1 + 10333223102102?
10333223102101
In base 16, what is -67 + b0f492?
b0f42b
In base 12, what is 0 - 6a04a675?
-6a04a675
In base 5, what is -2223224411 - 33?
-2223224444
In base 2, what is 100 - -100111011111101010000?
100111011111101010100
In base 16, what is -339e328 - -9?
-339e31f
In base 8, what is -2554 - 1202055?
-1204631
In base 11, what is -805029390 + 1?
-80502938a
In base 14, what is 1a - -801d3?
8020d
In base 11, what is -5 + -334360?
-334365
In base 16, what is -445dbf + -18?
-445dd7
In base 3, what is 11212212 - -222222102?
1011212021
In base 13, what is -538 - 15274c?
-152c87
In base 14, what is 9 - 23d6954?
-23d6949
In base 13, what is 21cc83 + 17?
21cc9a
In base 9, what is 33 - 3000874?
-3000841
In base 3, what is 221201212222211 + -1120?
221201212221021
In base 7, what is -3 - -5110602662?
5110602656
In base 14, what is -7b1c - -522?
-75da
In base 6, what is -103553404 - 0?
-103553404
In base 15, what is 479 + 4036a?
407e4
In base 14, what is 6a - -131b64c?
131b6b8
In base 15, what is 222b9 + -65?
22254
In base 4, what is 23011311003 + 3?
23011311012
In base 5, what is 4 + -211131402320?
-211131402311
In base 4, what is -2 - 3230131232322?
-3230131232330
In base 12, what is -35936 + -431?
-36167
In base 12, what is 1808 - 507?
1301
In base 11, what is -273 + 1157623?
1157360
In base 6, what is -44 - 134343330?
-134343414
In base 6, what is -20324521314 + 11?
-20324521303
In base 4, what is 110121 + -113222020?
-113111233
In base 8, what is -157 - 37534?
-37713
In base 3, what is 2 - 120110120010122?
-120110120010120
In base 5, what is 0 + -211423200144?
-211423200144
In base 12, what is 714710 - -13?
714723
In base 5, what is -110423210404 + -4?
-110423210413
In base 12, what is 5113b + -a8?
51053
In base 2, what is -11010011101100000000111100 + 1100?
-11010011101100000000110000
In base 12, what is -7 - -b17a4b0?
b17a4a5
In base 9, what is -18005342 + -1?
-18005343
In base 13, what is 9210 + 10b4?
a2c4
In base 14, what is ab09 - 9?
ab00
In base 8, what is 7462656 - -62?
7462740
In base 5, what is -332220 + 43220?
-234000
In base 7, what is -4212 + -662020